se -4*o = 2*w - 60, -384*o - 3*w = -382*o - 30. Let b(s) = -s**3 + 16*s**2 - 14*s - 38. Calculate b(o).
-23
Let w(i) = -3*i**2 - 37*i + 26. Let a be w(-13). Suppose a = -21*p + 23*p + 6. Let d(l) = -l**2 + 5 + 3*l**2 - 3*l - 3 + l**3. Give d(p).
2
Let u be ((-64)/(-6))/((-2)/(-3)). Let k be (1 - 12/u)*52. Suppose 2*g - 2*q = -g - k, 4*g + 3*q + 40 = 0. Let s(n) = -n**2 - 8*n - 5. Give s(g).
2
Let q(d) = 5 - 6 - 3 + 639*d - 662*d. Give q(4).
-96
Let n = -747 + 645. Let j be n/153 - (-8)/(-6). Let g(y) = 4*y + 1. What is g(j)?
-7
Let k(b) = -b**3 + 22*b**2 - 36*b - 5. Let s be k(17). Let o = s + -828. Let a(z) = -z. Let q(w) = -5*w + 14. Let x(d) = 6*a(d) - q(d). What is x(o)?
-14
Let p(b) = -383 - 328 + 721 - 2*b**2 - 6*b. Calculate p(-7).
-46
Let b(k) = 2*k**2 + 11*k - 6. Let a(o) be the first derivative of -o**3 - 6*o**2 + 6*o - 124. Suppose 4*r + 3 = 5*r. Let y(n) = r*a(n) + 4*b(n). Calculate y(7).
1
Let h(x) = 2*x**2 + 20*x - 2. Let d(w) = 2*w**2 + 18*w - 1. Let a(y) = -8*d(y) + 7*h(y). Determine a(-6).
-54
Let z be 1/5 - (-216)/120. Let b(r) = 30*r - 49. Give b(z).
11
Let i(j) = -7*j + 378 - 187 - 12*j - 185. Determine i(1).
-13
Let k(f) = -2*f + 2. Let z be -30 + (-2 - 5/(-2))*6. Let g = z - -32. Suppose -4*p = 4*a - 7*p - 11, -g*p - 15 = -5*a. What is k(a)?
-2
Let p be 311/4 + 6*4/96. Let d(c) = -p*c**2 - 3*c + 150*c**2 + 4*c - 71*c**2 - 2*c**3. Determine d(2).
-10
Let s(v) = 263*v - 6312. Let o be s(24). Let p(x) be the third derivative of x**3 + o + 1/24*x**4 + 0*x + 47*x**2. Determine p(-9).
-3
Let v be 7*12/294 - 1064/(-49). Let s(m) = -m**2 + 21*m + 25. Calculate s(v).
3
Let n(z) = 2*z**2 - 406868 + 406838 - 51*z + 8*z. What is n(22)?
-8
Let t(q) = q**3 - 3*q**2 - 4*q - 1. Let u be ((-4)/(-6))/((-10)/15). Let p(x) = x - 1. Let b(k) = u*t(k) + p(k). Suppose -12 = -3*s - 0. Determine b(s).
4
Let b be ((-36)/(-2))/(10/5). Let i = b - 4. Let w(u) be the second derivative of u**4/12 - u**3 - 7*u**2/2 - 18*u + 66. Give w(i).
-12
Let g(c) = 4 + 16*c + 6 - 18*c. Suppose 3*z - 3 = -2*b - 22, 0 = 2*b - z + 15. Let o(k) = k**3 + 7*k**2 - 9*k - 1. Let a be o(b). What is g(a)?
-4
Let h(w) = 14*w + 147. Let q(z) = -36*z - 440. Let x(j) = 17*h(j) + 6*q(j). Calculate x(7).
13
Suppose 11 = -9*d + 29. Let h(j) = -d*j + 12*j**2 + 8*j**3 - 7*j**3 - 3 - 15*j**2. Calculate h(4).
5
Suppose -17*f - 114 - 107 = 0. Let r(h) = h**2 - h - 1. Let k(v) = -7*v**2 - 8*v - 9. Let w(m) = k(m) + 6*r(m). Give w(f).
-2
Suppose 392*g = 393*g - 7. Let u(v) be the first derivative of v**4/4 - 8*v**3/3 + 4*v**2 + 2*v - 10. Determine u(g).
9
Let r be 7/21 - (-1)/(-3). Let x(p) be the third derivative of -p**5/60 + 5*p**3/2 - 9*p**2 - 2*p. Determine x(r).
15
Let f be 20 - -2*(-696)/72. Let o(m) be the second derivative of 4*m**2 - f*m**3 + 0 + 20*m. Calculate o(6).
-16
Let x(z) = z**3 - 6*z**2 - 5*z + 8. Let m(s) = s**3 + 18*s**2 + 6*s - 111. Let g be m(-3). What is x(g)?
-22
Let j be (2/(-2))/(61 - 62). Suppose -2*k + 3*b = 6*b + j, 4*b = -3*k - 1. Let y(s) = 4*s**2 + s - 1. What is y(k)?
4
Let x(a) = -9*a - 19. Suppose 1017 - 243 = -86*d. Give x(d).
62
Let d(u) = 33 - 306*u - 649*u - u**2 + 942*u. What is d(-12)?
45
Let s(o) = -2*o - 5. Let q be (-3)/21 + (-43)/(-7). Suppose -q*t = -12*t - 270. Let f = 37 + t. Calculate s(f).
11
Let w(u) be the first derivative of -u**4/4 - 23*u**3/3 - u**2 - 41*u - 1761. Determine w(-23).
5
Let c(k) = 2*k**2 + 6*k + 6. Suppose -95 + 30 = -5*i. Suppose -2*j = -3*v + 10, 3*j + i = -5*v - 2. Determine c(j).
26
Let u(l) be the third derivative of l**4/24 + 2*l**3/3 + 6*l**2. Let f(i) = 2*i**2 - 6*i + 4. Let s be f(4). Suppose -s*y = 11 + 61. Determine u(y).
-2
Let r(b) = 5*b**2. Let v(n) = 32*n**2 - n. Let u(d) = -13*r(d) + 2*v(d). Determine u(1).
-3
Suppose 0 = -392*a + 307*a - 595. Let s(k) = -k**2 - 5*k + 21. Determine s(a).
7
Suppose 988 - 940 = 6*k. Suppose 4*a = 2*n + 40, -4*a + 30 = -5*n - k*a. Let d(r) = r**2 + 10*r - 9. Calculate d(n).
-9
Let a(w) = 14*w**3 + 95*w**2 - 52*w + 192. Let t(h) = -5*h**3 - 30*h**2 + 17*h - 65. Let q(s) = -3*a(s) - 8*t(s). What is q(-23)?
13
Let b(z) = 163*z + 16*z - 6 + 13*z - 4*z**2 - z**3. Give b(-16).
-6
Let t(c) = 20*c + 125. Let o be t(-6). Let b(j) = 5 + o - 8 - j - 6. Calculate b(0).
-4
Let w be 3*-14*(86/12 + -7). Let z(p) = -p**3 - 7*p**2 - 2*p - 12. Determine z(w).
2
Let c = 136 - 133. Suppose c*g - 42 = -3. Let a(b) = -g*b + 19*b - 9*b + 3. Calculate a(3).
-6
Let d(k) be the second derivative of k**3/6 + 21*k**2/2 - 3*k - 21733. Suppose -3*i = 2*i + 100. What is d(i)?
1
Suppose 1100 = -2123*z + 2128*z. Let c(n) = z - 57 - 48 - 56 + 5*n - 48. Calculate c(-5).
-14
Let c be -2*(-2)/(-20) + ((-492)/(-60) - 4). Let w(y) be the third derivative of 1/60*y**5 - 20*y**2 + 0*y + 7/24*y**c + 0 + 1/6*y**3. Give w(-6).
-5
Let t(x) be the first derivative of 7/2*x**2 - 1/4*x**4 + 4*x + 33 + 5/3*x**3. Give t(6).
10
Suppose -48 = 5*w - n - 3*n, -5*w = 4*n + 72. Let c(p) be the first derivative of p**4/4 + 11*p**3/3 - 11*p**2/2 + 11*p + 72336. Calculate c(w).
-1
Let z(a) be the second derivative of 1/3*a**3 + 0 - a**2 - 98*a. Calculate z(-4).
-10
Let x(a) be the first derivative of a**6/360 + 5*a**4/24 + 52*a**3/3 + 63. Let k(z) be the third derivative of x(z). Give k(0).
5
Let b(z) = z**2 + z + 2. Let u(y) = -7*y**2 - 52*y - 3. Let j be u(-7). Let q be (j/12 - -2)*(-4)/(-7). What is b(q)?
8
Let x(u) be the first derivative of 4*u**3/3 + u**2/2 + 183. Let z = 36 - 61. Let w be (8/10)/(10/z). What is x(w)?
14
Let m(y) = -6*y**2. Suppose -b + 5*p = 7*p + 74, -b - 75 = p. Suppose -4*o - 5*k - 308 = 0, o + 4*k = 3*o + 154. Let j = o - b. Calculate m(j).
-6
Let j(u) = -3*u**3 - u**2 + 8*u - 9. Let a(g) = -4*g**3 - g**2 + 11*g - 7. Let m(x) = 2*a(x) - 3*j(x). Give m(0).
13
Let w(s) = -2*s - 21. Suppose -3*c - 21 = -4*b + 10, -3*c = -3*b + 21. Let y be (-118)/b + (-29)/145. Calculate w(y).
3
Let b(c) = 0*c**2 - 18*c - 6 + 4 - 5*c**2 + 4*c**2. Determine b(-18).
-2
Let q(d) = -13*d + 13*d - 4 + 3 - 2 + 8*d. Let f(h) = -16*h + 6. Let j(z) = 4*f(z) + 9*q(z). Determine j(1).
5
Let j = 1997 + -2014. Let u(o) = o**2 + 19*o - 3. What is u(j)?
-37
Suppose 84*u = 41 + 1891. Let z(h) = -5*h + 110. Calculate z(u).
-5
Let l be (-5 - -7 - 4) + 6. Suppose -17 = -l*u - 1. Let g(h) = 35 - u*h**2 - 41 + 2*h - 6*h + h**3. Determine g(5).
-1
Let a(u) be the first derivative of u**3/6 - 80*u - 37. Let b(k) be the first derivative of a(k). Let q = 16 + -22. What is b(q)?
-6
Let h(o) = -21 - 5*o - 4*o**2 + o**2 + 2*o**2 + 18*o. Let i be (-9)/(60/15*(-5)/20). Determine h(i).
15
Let o(z) = 12*z - 80. Let t be o(7). Let j be (t/6)/(4/(-78)). Let k(b) = -b**3 - 12*b**2 + 12*b - 14. Give k(j).
-1
Let y(m) = 173*m + 12981. Let d be y(-75). Let k(l) = 4*l**3 - 21*l**2 - 20*l + 5. Calculate k(d).
-7
Suppose 14*b - 68 = -12. Let l(r) = -1 - 9 + 5 - r - b. Determine l(-6).
-3
Let l(p) = -p**3 + 131*p**2 - 26*p**2 - 38*p**2 - 34*p**2 + 0*p**3 - 3 - 30*p**2 - 2*p. Suppose -c = -0*c - 3. What is l(c)?
-9
Let r(v) = v**2 + 23*v - 111. Let o(q) = -2*q**3 - 36*q**2 - 33*q - 10. Let b be o(-17). Determine r(b).
-3
Let g(o) = o**2 + 11*o + 21. Let m be g(-9). Let w(r) = -7 + 18 - r**2 - m + 6*r. Let s = -14 - -21. What is w(s)?
1
Let z(k) be the third derivative of -k**5/60 - 13*k**4/24 + 7*k**3/2 + 1417*k**2. What is z(-15)?
-9
Suppose -42*y = -4*t - 44*y + 12, y = -5*t + 15. Suppose 5*v = -t*o + 11, -o - 4*o = 3*v - 13. Let q(m) = -4*m**2 + 3*m - 1. Calculate q(o).
-11
Let n(c) = -c + 6. Let i be n(8). Let u be i/2 + 4*3/12. Let g(d) = d**2 - 6 + 3*d - 6*d + 2*d. Calculate g(u).
-6
Suppose 8*m - 3*h + 15 = 7*m, -5*m + 25 = 5*h. Suppose m = -4*n + 74 + 38. Let t(f) = -24 + n + f - 3*f. What is t(5)?
-6
Let o(g) = -2*g - 7. Let b(h) = 4*h**3 - 43*h**2 + 6*h - 198. Let i be b(11). Calculate o(i).
15
Let l(b) = 20 - b**3 + 12*b**2 + 90347*b + 2*b**3 - 90332*b. What is l(-11)?
-24
Let v(n) = 67 + 19*n + 66 + 18*n**2 + n**3 + 68 - 204. Calculate v(-17).
-37
Suppose 0 = 4*i + 5*q - 36, -2*i + q + 18 = 4*q. Let s(m) = -176*m - 2. Let r(y) = -86*y - 6. Let g(b) = -2*r(b) + s(b). What is g(i)?
-26
Let g be 34/272 + 47/8. Let p(r) = -2*r + 2*r - 8*r + 4*r - g + 4. Calculate p(5).
-22
Let i be 32/(-40)*(-135)/36. Let v(g) = -3*g**3 + 5*g**2 - 3*g - 4. Give v(i).
